{"id":32,"date":"2016-10-23T14:46:30","date_gmt":"2016-10-23T14:46:30","guid":{"rendered":"http:\/\/takano.se\/?page_id=32"},"modified":"2024-05-30T10:16:57","modified_gmt":"2024-05-30T09:16:57","slug":"kontakt","status":"publish","type":"page","link":"https:\/\/takano.se\/?page_id=32","title":{"rendered":"KONTAKT OCH VILLKOR"},"content":{"rendered":"<p>Kontakta oss p\u00e5 e-post: <a href=\"mailto:hello@takano.se\">hello@takano.se<\/a><\/p>\n<p>Vi svarar s\u00e5klart s\u00e5 snabbt vi kan. Oftast bums, men vi lovar i alla fall att svara inom 24 timmar om vi har mycket att g\u00f6ra.<\/p>\n<p>Fraktkostnader ing\u00e5r i priset som anges (inom Norden).<\/p>\n<p>Retur pga \u00e5ngerr\u00e4tt, skada p\u00e5 produkt accepteras inom 14 dagar, kostnadsfri retursedel f\u00e5s genom att mejla till hello@takano.se.<\/p>\n<p>\/\/ Roland och G\u00f6ran<\/p>\n","protected":false},"excerpt":{"rendered":"<p>Kontakta oss p\u00e5 e-post: hello@takano.se Vi svarar s\u00e5klart s\u00e5 snabbt vi kan. Oftast bums, men vi lovar i alla fall att svara inom 24 timmar om vi har mycket att g\u00f6ra. Fraktkostnader ing\u00e5r i priset som anges (inom Norden). Retur pga \u00e5ngerr\u00e4tt, skada p\u00e5 produkt accepteras inom 14 dagar, kostnadsfri retursedel f\u00e5s genom att mejla &hellip; <a href=\"https:\/\/takano.se\/?page_id=32\" class=\"more-link\">Forts\u00e4tt l\u00e4sa<span class=\"screen-reader-text\"> \u201dKONTAKT OCH VILLKOR\u201d<\/span><\/a><\/p>\n","protected":false},"author":1,"featured_media":0,"parent":0,"menu_order":0,"comment_status":"closed","ping_status":"closed","template":"","meta":{"footnotes":""},"class_list":["post-32","page","type-page","status-publish","hentry"],"_links":{"self":[{"href":"https:\/\/takano.se\/index.php?rest_route=\/wp\/v2\/pages\/32","targetHints":{"allow":["GET"]}}],"collection":[{"href":"https:\/\/takano.se\/index.php?rest_route=\/wp\/v2\/pages"}],"about":[{"href":"https:\/\/takano.se\/index.php?rest_route=\/wp\/v2\/types\/page"}],"author":[{"embeddable":true,"href":"https:\/\/takano.se\/index.php?rest_route=\/wp\/v2\/users\/1"}],"replies":[{"embeddable":true,"href":"https:\/\/takano.se\/index.php?rest_route=%2Fwp%2Fv2%2Fcomments&post=32"}],"version-history":[{"count":8,"href":"https:\/\/takano.se\/index.php?rest_route=\/wp\/v2\/pages\/32\/revisions"}],"predecessor-version":[{"id":168,"href":"https:\/\/takano.se\/index.php?rest_route=\/wp\/v2\/pages\/32\/revisions\/168"}],"wp:attachment":[{"href":"https:\/\/takano.se\/index.php?rest_route=%2Fwp%2Fv2%2Fmedia&parent=32"}],"curies":[{"name":"wp","href":"https:\/\/api.w.org\/{rel}","templated":true}]}}