{"id":11,"date":"2016-10-23T10:48:39","date_gmt":"2016-10-23T10:48:39","guid":{"rendered":"http:\/\/takano.se\/?page_id=11"},"modified":"2022-01-06T10:02:10","modified_gmt":"2022-01-06T09:02:10","slug":"om-oss","status":"publish","type":"page","link":"https:\/\/takano.se\/?page_id=11","title":{"rendered":"V\u00c5R BAKGRUND"},"content":{"rendered":"<p>Mitt namn \u00e4r Roland Magnusson och det var jag som grundade Takano 1982. N\u00e5got som sedermera skulle bli ett av Sveriges st\u00f6rsta varum\u00e4rken genom tiderna baserad p\u00e5 en produkt, Takanooverallen. Alla f\u00f6dda tidigt 70-tal och \u00e4ldre har en relation till Takano. Takano fungerade som skol- och arbetskl\u00e4der lika bra som till kv\u00e4llen p\u00e5 favoritklubben. Sneakers till b\u00e5de tjejer och killar och naturligtvis pumps f\u00f6r tjejer. Tubsockor, breda sk\u00e4rp och stora plast\u00f6rh\u00e4ngen var ett m\u00e5ste.<br \/>\nVi tror att vi med denna web shop kan f\u00e5 80-tals nostalgin att fl\u00f6da.<br \/>\nVi har f\u00f6rb\u00e4ttrat kvaliteten till att leva upp till dagens krav samt gjort modellerna mer genomarbetade och med en passform som st\u00e4mmer \u00f6verens med dagens mode, utan att g\u00f6ra avkall p\u00e5 k\u00e4nslan fr\u00e5n originalet.<\/p>\n<p><a href=\"https:\/\/media1.takano.se\/2016\/10\/vendela.jpg\"><img loading=\"lazy\" decoding=\"async\" class=\"alignnone size-large wp-image-58\" src=\"https:\/\/media1.takano.se\/2016\/10\/vendela-1024x747.jpg\" alt=\"vendela\" width=\"840\" height=\"613\" srcset=\"https:\/\/media1.takano.se\/2016\/10\/vendela-1024x747.jpg 1024w, https:\/\/media1.takano.se\/2016\/10\/vendela-300x219.jpg 300w, https:\/\/media1.takano.se\/2016\/10\/vendela-768x560.jpg 768w, https:\/\/media1.takano.se\/2016\/10\/vendela-1200x876.jpg 1200w\" sizes=\"auto, (max-width: 709px) 85vw, (max-width: 909px) 67vw, (max-width: 1362px) 62vw, 840px\" \/><\/a><\/p>\n<p>Vendela Kirsebom, som var Takanos modell p\u00e5 80-talet.<\/p>\n<p><a href=\"https:\/\/media1.takano.se\/2016\/10\/TAKANOS-FADER-84.jpg\"><img loading=\"lazy\" decoding=\"async\" class=\"alignnone size-large wp-image-61\" src=\"https:\/\/media1.takano.se\/2016\/10\/TAKANOS-FADER-84-832x1024.jpg\" alt=\"takanos-fader-84\" width=\"832\" height=\"1024\" srcset=\"https:\/\/media1.takano.se\/2016\/10\/TAKANOS-FADER-84-832x1024.jpg 832w, https:\/\/media1.takano.se\/2016\/10\/TAKANOS-FADER-84-244x300.jpg 244w, https:\/\/media1.takano.se\/2016\/10\/TAKANOS-FADER-84-768x946.jpg 768w, https:\/\/media1.takano.se\/2016\/10\/TAKANOS-FADER-84.jpg 1055w\" sizes=\"auto, (max-width: 832px) 85vw, 832px\" \/><\/a><\/p>\n<p>Och Roland Magnusson, urfadern till Takano, \u00e4ven han p\u00e5 80-talet. N\u00e4rmare best\u00e4mt 1984.<\/p>\n<p>Vi \u00e5terkommer, v\u00e4lkommen hit.<\/p>\n","protected":false},"excerpt":{"rendered":"<p>Mitt namn \u00e4r Roland Magnusson och det var jag som grundade Takano 1982. N\u00e5got som sedermera skulle bli ett av Sveriges st\u00f6rsta varum\u00e4rken genom tiderna baserad p\u00e5 en produkt, Takanooverallen. Alla f\u00f6dda tidigt 70-tal och \u00e4ldre har en relation till Takano. Takano fungerade som skol- och arbetskl\u00e4der lika bra som till kv\u00e4llen p\u00e5 favoritklubben. Sneakers &hellip; <a href=\"https:\/\/takano.se\/?page_id=11\" class=\"more-link\">Forts\u00e4tt l\u00e4sa<span class=\"screen-reader-text\"> \u201dV\u00c5R BAKGRUND\u201d<\/span><\/a><\/p>\n","protected":false},"author":1,"featured_media":0,"parent":0,"menu_order":0,"comment_status":"closed","ping_status":"closed","template":"","meta":{"footnotes":""},"class_list":["post-11","page","type-page","status-publish","hentry"],"_links":{"self":[{"href":"https:\/\/takano.se\/index.php?rest_route=\/wp\/v2\/pages\/11","targetHints":{"allow":["GET"]}}],"collection":[{"href":"https:\/\/takano.se\/index.php?rest_route=\/wp\/v2\/pages"}],"about":[{"href":"https:\/\/takano.se\/index.php?rest_route=\/wp\/v2\/types\/page"}],"author":[{"embeddable":true,"href":"https:\/\/takano.se\/index.php?rest_route=\/wp\/v2\/users\/1"}],"replies":[{"embeddable":true,"href":"https:\/\/takano.se\/index.php?rest_route=%2Fwp%2Fv2%2Fcomments&post=11"}],"version-history":[{"count":7,"href":"https:\/\/takano.se\/index.php?rest_route=\/wp\/v2\/pages\/11\/revisions"}],"predecessor-version":[{"id":128,"href":"https:\/\/takano.se\/index.php?rest_route=\/wp\/v2\/pages\/11\/revisions\/128"}],"wp:attachment":[{"href":"https:\/\/takano.se\/index.php?rest_route=%2Fwp%2Fv2%2Fmedia&parent=11"}],"curies":[{"name":"wp","href":"https:\/\/api.w.org\/{rel}","templated":true}]}}